**3 + 15*q**2. Calculate h(5).
4
Let l(r) = -9*r**3 - 5*r**2 - 7*r + 7. Let p(b) = b**2 + b - 1. Let h(d) = l(d) + 6*p(d). Determine h(1).
-8
Let a(p) be the first derivative of p**2/2 - 6*p - 27. Give a(6).
0
Let b(d) be the third derivative of -1/8*d**4 + 1/2*d**3 + 0*d + 1/20*d**5 - d**2 - 1/360*d**6 + 0. Let o(u) be the first derivative of b(u). What is o(4)?
5
Let v(u) be the third derivative of -u**7/2520 - u**6/144 - u**5/120 + u**4/8 - 3*u**2. Let s(p) be the second derivative of v(p). Give s(-6).
-7
Suppose -3*p = -4*s + 2, 0*s + 4*s = 2*p + 8. Let u(y) = -y + 7. What is u(p)?
1
Let z(y) be the first derivative of y**2/2 - 4*y + 12. Determine z(3).
-1
Suppose 2 = -a + 3*j - 8, 12 = 3*j. Suppose 0 = -a*r - 1 + 3. Let p(o) = 6*o**2 - o + 1. Give p(r).
6
Let i(h) = 20*h**3 - 8*h**2 - 9*h - 26. Let t(d) = 7*d**3 - 3*d**2 - 3*d - 9. Let z(k) = -6*i(k) + 17*t(k). What is z(-3)?
-6
Let f = 8 + -3. Let b(v) = -v**2 + 6*v + 5. Give b(f).
10
Let p = 7 + -8. Let o(q) = 4*q**3 - q**2 - q - 1. Let b be o(p). Let z(d) = -d**3 - 4*d**2 + 3*d - 3. Calculate z(b).
7
Let n(y) = y**2 + 9*y + 12. Let d(l) = 4*l**2 + 28*l + 38. Let a(x) = -2*d(x) + 7*n(x). Determine a(6).
14
Let z(d) = -d - 2. Let c be (-2)/((-2)/4*(-12)/(-18)). Give z(c).
-8
Let r(b) = -8*b + 32. Let c(d) = 2*d - 8. Let s(v) = 9*c(v) + 2*r(v). What is s(6)?
4
Let k = 8 + -13. Let r(u) = -2*u - 3 + 3 + u - 2. Calculate r(k).
3
Let t(g) = -3 + 2*g - g**3 - g**2 + 5*g**2 + g**2. Suppose -4*z = -0*z. Suppose z - 20 = -4*h. What is t(h)?
7
Let f(x) = -x**2 - 4 + 3 + 4 - 4*x - 5. What is f(-2)?
2
Let h(s) = s**2 - 4*s - 3. Suppose -z + 10 = 4*z. Let v be (-1)/((z + -1)/(-1)). Let n(p) = 3*p**2. Let m be n(v). What is h(m)?
-6
Suppose -j + 18 = 2*j. Let o(l) = l**3 - 7*l**2 + 9*l - 2. What is o(j)?
16
Suppose 5*a = -2 + 17. Let z(w) = w - 4. Let n be z(5). Let u(g) = -4 - n + g + 2 + 4. Determine u(a).
4
Let h(t) = -6 + 5*t + 6 - 5 - 3. Let o(a) = 4*a - 7. Let w(p) = -p**3 - 5*p**2 + p. Let y be w(-5). Let g(k) = y*h(k) + 6*o(k). Calculate g(-5).
3
Let a(n) = -n**2 + 5*n - 2. Let r be a(4). Suppose 0 = -u + r. Let s = -7 + u. Let h(f) = f + 4. Give h(s).
-1
Let q(m) = m**2 - 5*m - 5. Let o be -16*(10/(-4) + 2). Let c be o + -4 + (-1 - -1). Suppose 0 = -c*z + 11 + 9. Calculate q(z).
-5
Suppose -6*h + 8 = 2. Let f(j) = 4*j**2 + 7*j + 2. Let o(u) = u. Let z(y) = f(y) - 6*o(y). Let n(v) = -5*v**2 - v - 3. Let c(r) = 3*n(r) + 4*z(r). What is c(h)?
1
Let d(v) be the second derivative of -v**7/1260 - v**6/144 + v**5/60 + v**4/12 + v. Let k(r) be the third derivative of d(r). Let s = -12 - -8. Determine k(s).
-10
Let j(v) be the first derivative of -5*v**2/2 + 3. Suppose -5*x + 9 + 14 = 2*r, -2 = -2*r + 2*x. Suppose 3*u + r = -u. What is j(u)?
5
Let r(g) = -9*g**2 - 3 + 2*g + 9*g**2 - 8*g**3 + 2. Suppose 0 = -u + 4*d - 3*d, 7 = 3*u + 4*d. What is r(u)?
-7
Let a = -106 + 110. Let m(n) = 14*n**2 - 26*n + 8. Let c(b) = 9*b**2 - 17*b + 5. Let y(v) = 8*c(v) - 5*m(v). What is y(a)?
8
Let p(s) = -s**3 - 4*s**2 - 4*s - 3. Let m be 3/(3/12*-6). Determine p(m).
-3
Suppose 5*d + 23 = 2*i, 7 = -d + 3*i - 2*i. Let j(n) = n**2 + 2*n + 1. Give j(d).
4
Let b(a) be the second derivative of 3*a**5/20 - a**4/6 - a**3/6 - 5*a. Give b(-1).
-4
Let i(j) be the third derivative of j**8/6720 + j**7/420 + j**6/144 + j**5/60 - 5*j**4/24 + 4*j**2. Let w(z) be the second derivative of i(z). What is w(-5)?
2
Let d(g) be the third derivative of -g**8/6720 - g**5/40 + g**4/8 + 4*g**2. Let l(b) be the second derivative of d(b). Let a be 0*(1 - (-3)/(-2)). Give l(a).
-3
Let x(q) be the second derivative of -2*q**2 + 0 - 2/3*q**3 + 3*q. Determine x(-3).
8
Let f = 4 - 10. Let n = 8 + f. Suppose s = -j - 2, 0*s + 3*s - n*j + 6 = 0. Let k(a) = a**3 + a**2 + 2*a + 1. What is k(s)?
-7
Let c(n) = 819*n - 10 - 819*n - n**2. Calculate c(0).
-10
Let z(w) = w**2 + 4*w - 2. Let p be z(-4). Let r(f) = -3*f - 3. Calculate r(p).
3
Let t(p) = 2*p + 10 - 7*p + p**2 - 4. Let i be 9/(-4)*48/(-9). Suppose 2 - i = -2*v. What is t(v)?
6
Let z(u) be the third derivative of u**7/2520 + u**6/720 - 3*u**5/40 + u**4/8 + 3*u**2. Let k(t) be the second derivative of z(t). Give k(0).
-9
Let h(x) = x**2 + 0*x - 2*x - 2*x + 5*x - 6*x**3. Calculate h(-1).
6
Let t(u) = -5*u - 3. Let d(a) = 10*a + 5. Let o(v) = 3*d(v) + 5*t(v). Let m(w) be the second derivative of -w**3/6 - 5*w**2/2 + w. Let g be m(-4). Give o(g).
-5
Let g be (-15)/20 - (-2)/((-72)/(-33)). Let n(s) be the third derivative of -s**2 + 0*s + 7/24*s**4 + g*s**3 + 0. Calculate n(1).
8
Let t(f) = -2*f + 4. Let d(j) = -3*j**3 - 5*j**3 - j + j**2 + 3*j**3. Let g be d(1). Let q = g - -10. What is t(q)?
-6
Let c = -2 + -1. Let r(f) = 2*f - 9. Let v(s) = -s + 4. Let h(x) = c*r(x) - 5*v(x). Determine h(0).
7
Let l(r) = 2*r - 8. Let a(q) = 3*q - 7. Let c(f) = 5*a(f) - 4*l(f). Suppose -y + 5*y = 8. Determine c(y).
11
Let s(v) = v - 7. Let j(h) = -h**2 + 5*h + 6. Let a = -16 - -22. Let k be j(a). Determine s(k).
-7
Let y(g) = 14*g + 1. Suppose -6*o + 2*o - 4 = 0. Give y(o).
-13
Let i = 0 - -2. Suppose 3*j + i*j = 5. Let c be 1 + (j - (0 + 0)). Let d(y) = y**2 + 2*y - 1. Calculate d(c).
7
Suppose -4*d = -d + 3, 3*d + 7 = 4*b. Let j = 1 + b. Let k(f) = 3*f**j + 0 - 2 - 5*f**3 + 6*f**3 - 4*f. Determine k(-4).
-2
Let s(j) = -2*j - 7. Let r(f) = -f - 3. Let p(q) = -5*r(q) + 2*s(q). Let n(t) = t. Let i be n(2). Suppose -i*w = -w. Calculate p(w).
1
Suppose -5 = -f, 0*d - 2*f = d - 10. Suppose 6 = -d*a - 2*a. Let l(x) = -x**3 - 2*x**2 + x - 1. What is l(a)?
5
Let l(k) = 2*k - 3*k + 1 + 0. Let s be l(-1). Let x(m) = -2*m**2 - 1 + 0 + 3*m**s. Calculate x(1).
0
Let q be 2/(-12) - (-121)/(-66). Let t(g) = -g**2 - 1. Let f(h) be the first derivative of h**3 + 6*h - 1. Let l(n) = q*t(n) - f(n). What is l(0)?
-4
Let q(i) = 2*i - 3*i + i**2 + 0*i + 0*i**2 - 4. Give q(3).
2
Let s(a) be the first derivative of a**4/4 + 2*a**3/3 - a + 15. Determine s(-1).
0
Let q(t) = -19*t**3 + t**2 + 2*t + 1. Suppose -9 = -3*x + 4*g, -x + 6*g = 4*g - 5. Determine q(x).
19
Suppose -4*k + 2*r = -8, 4*r + 0 + 16 = -3*k. Let m(j) = 1 - 5 + k - 3*j - 2. Calculate m(-4).
6
Let l = 3 - -1. Let k(x) = -x**2 + 4*x - 6. What is k(l)?
-6
Let b(x) = -86*x + 84*x + 4 + 1. Determine b(5).
-5
Let f(z) = -3*z**3 + z**2 - 1. Let v(i) = i + 7. Let h be v(-7). Let a be 0 + -1 - h/4. Give f(a).
3
Let d(q) = q + 3. Let v be d(7). Suppose 4*s - 20 = 3*y, -2*s + 2*y = -y - v. Suppose s*i - 4 = i. Let h(z) = 7*z**2 - 1. Give h(i).
6
Let u(t) = -3*t**3 + 3*t**2 - t + 10. Let g(l) = 2*l**3 - 3*l**2 + 2*l - 8. Let q(w) = -4*g(w) - 3*u(w). Determine q(-5).
-23
Let a(l) = 2*l. Let s = 8 + -2. Suppose -z + s*z + 5 = 0. Determine a(z).
-2
Suppose -4*o = 8 - 0. Let p(n) = n**2 + 2*n + 3. Determine p(o).
3
Let m(n) = 2*n**2 + 9*n - 4. Let x(p) = p**2 + 4*p - 2. Let f(g) = 3*m(g) - 7*x(g). Let t = 0 - 0. What is f(t)?
2
Let f(x) = -2*x + 6 - x + 9*x - x**2. What is f(6)?
6
Let p(i) = -2*i + 4. Let b(w) = w**3 + 8*w**2 + w + 3. Let s be b(-8). Let l(h) = 2*h - 5. Let f(v) = s*l(v) - 6*p(v). Give f(-2).
-3
Let o(l) = l + 13. Let c = -23 - -12. Let v be o(c). Let i(g) = g**3 - 2*g**2 - g - 2. Give i(v).
-4
Let n(k) = -k - 3. Let i(c) = -2*c - 3. Let l(z) = 2*i(z) - 3*n(z). Calculate l(-3).
6
Let c(r) = 9*r + 31. Let o be c(-3). Let d(k) = -2*k**2 - k**2 - 4 + 6*k + k**3 - 2*k**2. What is d(o)?
4
Let m be 1*(0/1 + -1). Let q be m*2/4*10. Let b(n) be the second derivative of -n**5/20 - n**4/3 + 2*n**3/3 - 3*n**2 + 2*n. What is b(q)?
-1
Suppose 4*k - 5 = 5*k. Let a(o) = -o - 1. Give a(k).
4
Suppose 3*v = -1 - 2, -v = 2*t - 15. Let s = 9 - t. Let x(f) = -8*f**2 - f + 1. Determine x(s).
-8
Suppose -16 = q - 2*h - 0*h, -3*h + 15 = 0. Let l(m) = -m**3 - 6*m**2 + m + 3. Calculate l(q).
-3
Let p(s) = 9*s - 2 + 3*s**2 - 3*s - 2*s**2. Calculate p(-6).
-2
Let k(u) = u + 1. Let y be k(4). Let v(m) = 7 - m - m - 5*m + m**2. What is v(y)?
-3
Suppose j + 4 = -0*j. Let s = 8 - 4. Let p(l) = 5 + 2*l + s*l**2 - 1 + 0*l**3 + l**3. Give p(j).
-4
Let p(l) = l + 1. Let o(m) = -m**3 - 9*m**2 + 2*m + 13. Let a be o(-9). Calculate p(a).
-4
Let k(w) = 20*w**3 - 12*w**2 + 8*w + 8. Let s(b) = -7*b**3 + 4*b**2 - 3*b - 3. Let a(o) = -6*k(o) - 17*s(o). Give a(3).
21
Let q(l) be the first derivative of -l**3/3 + 3*